+ 2*w. Let s = v + -47. What is the units digit of s?
7
Suppose -2578 = -13*r + 6210. What is the tens digit of r?
7
Suppose -y - 1 = -3. Suppose -s - 250 = -y*t + t, -5*t + 2*s = -1238. What is the hundreds digit of t?
2
Let b(x) = -x**3 - 7*x**2 + 4. Let n be b(-7). What is the tens digit of ((-172)/(-30) + n/(-12))*15?
8
Let q be 2 + 10*(1 - 75/(-10)). Let n(v) = v**2 - 2*v + 2. Let k be n(7). Let h = q - k. What is the units digit of h?
0
Let t(u) = u**2 - u + 8. Let h be t(-12). Suppose 19*r - h = 17*r. What is the tens digit of r?
8
Suppose 2*v + 0*v = -40. Let g = -16 - v. Suppose -g*f + 1 = -71. What is the units digit of f?
8
Let n = 45 + -24. Let p be 219/5 + (-1)/(-5). Let x = p - n. What is the tens digit of x?
2
Suppose -2*u + 5 = 1. Let d(q) = 2*q**3 - 2*q**2 + q - 2. Let p be d(u). Suppose -145 = 3*c - p*c. What is the tens digit of c?
2
Let x(j) = -4*j**2 + j. Let r be x(1). Let u(a) be the second derivative of -5*a**3/6 + a**2/2 + 3*a. What is the tens digit of u(r)?
1
Let j(y) = -2*y**2 - 37*y + 21. Suppose 5*o - 5*s + 82 = -3, 4*o + 65 = 3*s. What is the tens digit of j(o)?
4
Suppose 0 = 3*w - 5*w. What is the tens digit of 1*(4 - w)*4?
1
Let q = -1176 - -1705. What is the hundreds digit of q?
5
Let f be (2/(-3))/((-4)/(-6)). Let m(i) = i**2 + 1. Let j(h) = -27*h**2 - 3*h - 4. Let y(l) = f*j(l) - 6*m(l). What is the units digit of y(1)?
2
Suppose 385 = -7*z + 11018. What is the hundreds digit of z?
5
Suppose 0 = -2*c - 2*f + 7258, -219*c + 217*c + 7262 = f. What is the thousands digit of c?
3
Let s(b) be the first derivative of 23*b**5/120 - 7*b**4/24 + b**3/3 + 5. Let o(d) be the third derivative of s(d). What is the tens digit of o(3)?
6
Suppose -5*p + 0*z - 12 = 3*z, 3*z = 4*p - 12. Suppose -3*n + 2*k = -458, p = -2*k - 4 - 4. What is the units digit of n?
0
Let k(h) = -10*h + 19. Let z(o) = 11*o - 18. Let p(a) = 4*k(a) + 3*z(a). What is the units digit of p(-7)?
1
Suppose 3*z = -2*o + 1086, -3*z - 14 = -2. What is the hundreds digit of o?
5
Suppose -993 = -2*f + 8*q - 3*q, f - 5*q = 494. What is the units digit of f?
9
Let c(s) = 774*s - 719*s + 4 + 6. What is the hundreds digit of c(5)?
2
Let l(g) = -2*g**2 - 2*g + 1. Let v be l(3). Let z = 56 + v. What is the tens digit of z?
3
Let u be (-1694)/(-11) - (-1 + -1 - 2). Let t = u + -113. What is the units digit of t?
5
Let a(p) = p**3 + 44*p**2 + 83*p - 103. What is the tens digit of a(-40)?
7
Let d(a) = 2*a - 1. Let p be d(1). Let v(j) = 45*j**3 - 2*j**2 + 2*j - 1. Let n be v(p). Suppose o = -o + n. What is the tens digit of o?
2
Let t(s) = 62*s - 91. What is the tens digit of t(10)?
2
What is the units digit of -1069*4*((-87)/12 + 7)?
9
Suppose 0 = 4*y - 3*w - 11 - 121, -3*y + 2*w = -99. Let h = 141 + -67. Let l = h - y. What is the units digit of l?
1
Let m = 119 + -109. Let p(b) = -2*b**3 - 8*b**2 + 5*b + 2. Let k(q) = q**3 - q**2 - q + 1. Let z(g) = -3*k(g) - p(g). What is the tens digit of z(m)?
7
Let j = -2151 + 4432. What is the units digit of j?
1
Suppose 1837 = 5*h - 2328. What is the hundreds digit of h?
8
Suppose -840 = -3*s - 252. Suppose s + 176 = 4*r. What is the units digit of r?
3
Let w(u) = u + 4. Let q be w(-4). Suppose 0 = 3*o + 3 - q. What is the units digit of (o - -59)*8/16?
9
Suppose 1648 = 4*n + 2*b + 2*b, -3*n - b = -1246. Let f = n + -258. What is the units digit of f?
9
Let o(f) = -4 - 13*f**2 + f + 40*f**2 - 18*f**2. What is the tens digit of o(-4)?
3
Let u(r) be the first derivative of -9*r**2 + 15*r + 11. Let m be u(7). Let n = m + 164. What is the units digit of n?
3
What is the units digit of (5954/(-78))/(3/(-27))?
7
Let x = -1087 - -1155. What is the units digit of x?
8
Let i(z) = 2*z**3 - z. Let p be i(3). Suppose 24*d = 22*d + 58. Suppose d + p = 4*v. What is the tens digit of v?
2
Suppose 3 = -f + 2*f. Suppose -5*k - 135 = -f*o, -k = -5*o - 2*k + 225. What is the tens digit of o?
4
Let g(h) = -3*h**2 - 49*h - 37. Let l be g(-20). Let z = 434 + l. What is the units digit of z?
7
Let n(j) be the third derivative of -j**4/24 + 17*j**3/6 - 6*j**2. Let z = -35 + 42. What is the units digit of n(z)?
0
Let y = -281 + 418. Suppose -6*n = -y + 5. What is the units digit of n?
2
Let u = 10927 - 6574. What is the thousands digit of u?
4
Suppose 19*z - 14 = 12*z. Suppose z*v + 3*v - 3*c - 197 = 0, v - 57 = 5*c. What is the units digit of v?
7
Let s = 2015 - -172. What is the units digit of s?
7
What is the thousands digit of ((-1236)/24 - 11)*-66?
4
Suppose 2*w = -2*x + 12, -2*x = x + w - 22. Suppose 3*m = 4*m - x. Let j = m - -2. What is the tens digit of j?
1
Let t(l) = 18*l**3 - 2*l**2 + 2*l - 5. What is the units digit of t(3)?
9
What is the units digit of (-72)/18*(-1)/(4/561)?
1
Suppose 3*j = 3*i + 18 + 3, -13 = j + 4*i. Suppose -j*p + 27 = -2*n, 5*p + 0*n - 45 = 5*n. What is the units digit of p?
9
Suppose -5 - 1 = 2*n. Let d be (-4)/(-6) - (-2)/n. Suppose 5*s - 80 = -d*s. What is the units digit of s?
6
Suppose f = a - 5*a + 1184, 3*f = 0. What is the units digit of a?
6
Let m(v) = -26*v + 4*v**2 + 0*v**2 + 27*v. Let s be m(-2). Suppose 5*r - 3*u - s - 8 = 0, r = -2*u + 7. What is the units digit of r?
5
Suppose -2*o + 3*o = -1. Suppose -3*a - 3*b = 27, -4*b - 3 = -3*a - 2. Let r = o - a. What is the units digit of r?
4
Let w(l) = 2*l**3 + 13*l**2 - 11*l - 8. Let g be w(-7). Suppose -3*s = 5*x - 7*s - 331, -5*s = g. What is the units digit of x?
3
What is the thousands digit of (572/66)/(4/546)?
1
Suppose 6 + 2 = -2*g. Let r be (-14)/g + 2/(-4). Let t(y) = 2*y**2 + 2*y + 2. What is the units digit of t(r)?
6
Suppose -1352 = -3*u + 5*g, -7*u + 3*g = -5*u - 901. What is the tens digit of u?
4
What is the hundreds digit of (-27718)/(-14) - 14/(-98)?
9
Suppose 2 + 5 = w. Let z = 16 - w. Let h(x) = -x**3 + 10*x**2 - 4*x - 13. What is the units digit of h(z)?
2
Suppose 17 = 3*w - 19. Suppose w*h - 10*h = 8. Suppose -h*g = 4*l + l - 113, 0 = 4*g + 12. What is the tens digit of l?
2
Let u = 29 - 2. Let n = u + -23. Suppose j = 2*q - 0*j - 89, n*q - 181 = 5*j. What is the units digit of q?
4
Let v = 79 - 72. What is the hundreds digit of 1552/v - 30/(-105)?
2
Let z = 25 - 1. Suppose b - 2*b + 1 = 0, -i + z = -3*b. What is the tens digit of i?
2
Suppose 5*q - 7*q + 2114 = -2*o, 3*q - 5*o - 3173 = 0. What is the hundreds digit of q?
0
Suppose 5*m = 2*k + 2433, 3*k = m - 170 - 314. What is the tens digit of m?
8
Suppose 40113 = 236*n - 227*n. What is the hundreds digit of n?
4
Let m be ((-50)/8 - -5)*-12. Suppose -m*u + 468 = -12*u. What is the tens digit of u?
5
Let k(h) = 3*h + 45. Let m be k(-13). What is the tens digit of ((-1)/((-1)/(-29)))/(m/(-30))?
4
Let h(i) = -2*i + 14. Let t(q) = -1. Let n(r) = h(r) + 5*t(r). Let a be n(4). Let c = a + 24. What is the units digit of c?
5
Let l(d) = -5*d**2 - 4*d - 6. Let z be l(-2). What is the tens digit of (-39)/(-1)*(7 - (-30)/z)?
0
Let g(x) = x**3 + 20*x**2 + 19*x + 4. Let a be g(-19). Suppose v + 179 = 2*h, 5*v - v = -a*h + 364. What is the units digit of h?
0
Let y be (0 + 12/(-7))*28/(-8). Let u(v) = 6*v**2 - 13*v + 12. What is the hundreds digit of u(y)?
1
Suppose 25 = 2*o + 3*o - 5*p, -p - 4 = 0. What is the units digit of o - -2 - (1 - 116)?
8
Let z = 191 + 304. What is the hundreds digit of z?
4
Suppose 0 = -9*h + 27. Suppose 5*o - t - 141 = h*o, 3*t = -2*o + 121. What is the units digit of o?
8
Let x(n) = 14*n**2 + 0 - n**3 + 5 + 38*n - 47*n - 2*n**2. What is the hundreds digit of x(9)?
1
Suppose 5*g + 0*g = 25. Suppose -g*c + 210 = 5*t, -t - 58 = -2*c + 14. What is the units digit of c?
8
Suppose 0 = 112*f - 113*f + 245. What is the units digit of f?
5
What is the thousands digit of -900*(513/(-12))/19?
2
What is the units digit of (-17)/(((-55)/3146)/5)?
2
Let x be (-94)/6 + (-26)/(-39). Let s = x - -24. What is the units digit of s?
9
Suppose -1 = 2*c + 3*f, 2*f = -5*c + f + 17. Suppose y - 30 = -c*y. Let i = y - 3. What is the units digit of i?
3
Suppose -2*i + i + 6 = 0. What is the units digit of 225 + (-6 - -2) + i?
7
What is the units digit of 4 - (-3508)/10 - (-3)/15?
5
Let h = -9 - -11. Suppose -7*s = -5*s - 90. Suppose h*z = -z + s. What is the units digit of z?
5
What is the hundreds digit of 1007 - (-40)/(5 + 3)?
0
Suppose -53776 = -11*h + 905. What is the thousands digit of h